{"id":286,"date":"2016-02-15T09:31:47","date_gmt":"2016-02-15T08:31:47","guid":{"rendered":"http:\/\/www.flipperclubbasel.ch\/?page_id=286"},"modified":"2026-04-12T22:55:25","modified_gmt":"2026-04-12T20:55:25","slug":"wo-sonst","status":"publish","type":"page","link":"https:\/\/www.flipperclubbasel.ch\/index.php\/wo-sonst\/","title":{"rendered":"Wo sonst?"},"content":{"rendered":"<hr>\n<p>Lust auf Flippern? Unser Club hat gerade nicht ge\u00f6ffnet?<br \/>\nKein Problem, hier gibt es ein paar Interessante Adressen.<\/p>\n<h2><span style=\"color: #000080;\">Clubs und Vereine<\/span><\/h2>\n<p><strong><span style=\"text-decoration: underline;\">REGION BASEL-STADT \/ BASEL-LAND<\/span><br \/>\n<\/strong><a href=\"http:\/\/flipperverein.ch\" target=\"_blank\" rel=\"noopener noreferrer\">FlipperVerein F\u00fcnflibertal<\/a>, Tittertenstrasse 18, 4418 Reigoldswil<\/p>\n<p><strong><span style=\"text-decoration: underline;\">ANDERSWO<\/span><br \/>\n<\/strong><a href=\"https:\/\/silverball.ch\/\" target=\"_blank\" rel=\"noopener\">Silverball<\/a>, W\u00fcrenloserstrasse 2, 8956 Killwangen<br \/>\n<a href=\"https:\/\/www.flipperflat.li\" target=\"_blank\" rel=\"noopener\">Flipper FL@<\/a>, S\u00e4gastrasse 62,&nbsp;FL-9485 Nendeln<br \/>\n<a href=\"http:\/\/extraball.ch\" target=\"_blank\" rel=\"noopener noreferrer\">Extraball<\/a>, Obachstrasse 36, 4500 Solothurn<br \/>\n<a href=\"http:\/\/www.pinball-party.ch\/\" target=\"_blank\" rel=\"noopener noreferrer\">Pinball-Party<\/a>, Bachstrasse 56, 8200 Schaffhausen<br \/>\n<a href=\"http:\/\/flipperclub.ch\" target=\"_blank\" rel=\"noopener noreferrer\">Flipperclub,&nbsp;<\/a>Luzernerstrasse 5, 5630 Muri<br \/>\n<a href=\"http:\/\/www.shootagain-fribourg.com\" target=\"_blank\" rel=\"noopener noreferrer\">Shoot Again<\/a>, Rte des Molleyres 11\/box 15, 1744 Ch\u00e9nens<br \/>\n<a href=\"http:\/\/pincity.ch\" target=\"_blank\" rel=\"noopener noreferrer\">Pin City<\/a>, f\u00fcr weitere Infos bitte direkt den Betreiber anfragen<br \/>\n<a href=\"http:\/\/www.flipperticino.ch\" target=\"_blank\" rel=\"noopener\">Flipperticino<\/a>, Ticino<\/p>\n<p>Anfragen \u00fcber Mitgliedschaften und \u00d6ffnungszeiten bitte der jeweiligen Webpage entnehmen oder den betreffenden Club \/ Verein kontaktieren.<\/p>\n<h2><span style=\"color: #000080;\">\u00d6ffentlich<\/span><\/h2>\n<p><strong><span style=\"text-decoration: underline;\">BASELSTADT<\/span><br \/>\n<\/strong><a href=\"https:\/\/www.billardsaloon.ch\" target=\"_blank\" rel=\"noopener noreferrer\">Billard Center Steine, Steinentorstrasse 35, 4051 Basel<\/a><br \/>\n<a href=\"https:\/\/www.facebook.com\/FassBar\/\" target=\"_blank\" rel=\"noopener noreferrer\">Fassbar, Hammerstrasse 108, 4002 Basel<\/a><br \/>\n<a href=\"https:\/\/www.hirscheneck.ch\/der-kalender.html\" target=\"_blank\" rel=\"noopener noreferrer\">Hirscheneck, Lindenberg 23, 4057 Basel<\/a><\/p>\n<p><strong><span style=\"text-decoration: underline;\">BASELLAND<\/span><br \/>\n<\/strong><a href=\"https:\/\/www.sprisse.ch\" target=\"_blank\" rel=\"noopener noreferrer\">Sprisse Billard &amp; Bowling Center, Netzibodenstrasse 23, 4133 Pratteln<\/a><\/p>\n<p><strong><span style=\"text-decoration: underline;\">ANDERSWO<\/span><br \/>\n<\/strong><a href=\"https:\/\/youcinema.ch\/\" target=\"_blank\" rel=\"noopener noreferrer\">YouCinema Oftringen, Z\u00fcrichstrasse 52, 4665 Oftringen<\/a><\/p>\n","protected":false},"excerpt":{"rendered":"<p>Lust auf Flippern? Unser Club hat gerade nicht ge\u00f6ffnet? Kein Problem, hier gibt es ein paar Interessante Adressen. Clubs und Vereine REGION BASEL-STADT \/ BASEL-LAND FlipperVerein F\u00fcnflibertal, Tittertenstrasse 18, 4418 Reigoldswil ANDERSWO Silverball, W\u00fcrenloserstrasse 2, 8956 Killwangen Flipper FL@, S\u00e4gastrasse&hellip; <\/p>\n","protected":false},"author":2,"featured_media":0,"parent":0,"menu_order":0,"comment_status":"closed","ping_status":"closed","template":"","meta":{"ngg_post_thumbnail":0,"_price":"","_stock":"","_tribe_ticket_header":"","_tribe_default_ticket_provider":"","_tribe_ticket_capacity":"0","_ticket_start_date":"","_ticket_end_date":"","_tribe_ticket_show_description":"","_tribe_ticket_show_not_going":false,"_tribe_ticket_use_global_stock":"","_tribe_ticket_global_stock_level":"","_global_stock_mode":"","_global_stock_cap":"","_tribe_rsvp_for_event":"","_tribe_ticket_going_count":"","_tribe_ticket_not_going_count":"","_tribe_tickets_list":"[]","_tribe_ticket_has_attendee_info_fields":false,"jetpack_post_was_ever_published":false,"footnotes":""},"class_list":["post-286","page","type-page","status-publish","hentry"],"jetpack_sharing_enabled":true,"jetpack_shortlink":"https:\/\/wp.me\/P7a9OP-4C","_links":{"self":[{"href":"https:\/\/www.flipperclubbasel.ch\/index.php\/wp-json\/wp\/v2\/pages\/286","targetHints":{"allow":["GET"]}}],"collection":[{"href":"https:\/\/www.flipperclubbasel.ch\/index.php\/wp-json\/wp\/v2\/pages"}],"about":[{"href":"https:\/\/www.flipperclubbasel.ch\/index.php\/wp-json\/wp\/v2\/types\/page"}],"author":[{"embeddable":true,"href":"https:\/\/www.flipperclubbasel.ch\/index.php\/wp-json\/wp\/v2\/users\/2"}],"replies":[{"embeddable":true,"href":"https:\/\/www.flipperclubbasel.ch\/index.php\/wp-json\/wp\/v2\/comments?post=286"}],"version-history":[{"count":26,"href":"https:\/\/www.flipperclubbasel.ch\/index.php\/wp-json\/wp\/v2\/pages\/286\/revisions"}],"predecessor-version":[{"id":9811,"href":"https:\/\/www.flipperclubbasel.ch\/index.php\/wp-json\/wp\/v2\/pages\/286\/revisions\/9811"}],"wp:attachment":[{"href":"https:\/\/www.flipperclubbasel.ch\/index.php\/wp-json\/wp\/v2\/media?parent=286"}],"curies":[{"name":"wp","href":"https:\/\/api.w.org\/{rel}","templated":true}]}}