{"id":204,"date":"2016-01-31T19:32:10","date_gmt":"2016-01-31T18:32:10","guid":{"rendered":"http:\/\/www.flipperclubbasel.ch\/?page_id=204"},"modified":"2026-03-18T22:07:41","modified_gmt":"2026-03-18T21:07:41","slug":"flipperclub-regio-basel","status":"publish","type":"page","link":"https:\/\/www.flipperclubbasel.ch\/index.php\/flipperclub-regio-basel\/","title":{"rendered":"Flipperclub Regio Basel"},"content":{"rendered":"<hr>\n<p>Wir sind eine Gruppe junger, Pinball begeisterter Leute, die das Hobby pflegen und der Nachwelt erhalten wollen. Um unserem Hobby gemeinsam zu fr\u00f6nen, haben wir den Verein Flipperclub Regio Basel im Sommer 2015 gegr\u00fcndet. Wir treffen uns regelm\u00e4ssig in unserem Flipperlokal und fachsimpeln, schrauben, l\u00f6ten und spielen an unseren Ger\u00e4ten.&nbsp;<\/p>\n<p>Seit M\u00e4rz 2016 organisieren wir mehrmals im Monat, f\u00fcr alle Mitglieder, Spieleabende zum gemeinsamen Spielen. Auf der Seite <a href=\"https:\/\/www.flipperclubbasel.ch\/index.php\/flipperclub-regio-basel\/oeffnungszeiten\/\" target=\"_blank\" rel=\"noopener noreferrer\">\u00d6ffnungszeiten<\/a> und <a href=\"https:\/\/www.flipperclubbasel.ch\/index.php\/preise\/\" target=\"_blank\" rel=\"noopener noreferrer\">Preise<\/a> erf\u00e4hrst du mehr dar\u00fcber.<\/p>\n<p>Wir freuen uns \u00fcber deinen Besuch.<\/p>\n<p>&nbsp;<\/p>\n<p><strong>Der Vorstand des&nbsp;Vereins besteht derzeit aus folgenden Aktiv-Mitgliedern<\/strong><\/p>\n<pre>Pr\u00e4sident: &nbsp; &nbsp; &nbsp;<strong>TEC<\/strong> - Ramon Richard &nbsp;&nbsp;\r\nVizepr\u00e4sident: &nbsp;<strong>REW<\/strong> - Reiner Wolf\r\nKassier: &nbsp; &nbsp; &nbsp; &nbsp;<strong>ABO<\/strong> - Andreas Borer\r\nAktuar: &nbsp; &nbsp; &nbsp; &nbsp; <strong>ALA<\/strong> - Alain M\u00fcller\r\nEventmanager: &nbsp; <strong>NST<\/strong> - Niklaus&nbsp;Stirnimann\r\nRevisor: &nbsp; &nbsp; &nbsp; &nbsp;<strong>PVR<\/strong> - Philipp von Rohr\r\nBeisitzer: &nbsp; &nbsp; &nbsp;<strong>RAY<\/strong>&nbsp;- Ramon Krieg\r\nBeisitzer: &nbsp; &nbsp; &nbsp;<strong>STH<\/strong> - Stefan Hess<\/pre>\n<p><img loading=\"lazy\" decoding=\"async\" class=\"wp-image-5463 alignleft\" src=\"http:\/\/www.flipperclubbasel.ch\/wordpress\/wp-content\/uploads\/2020\/10\/DAS-TEAM-1024x683.jpg\" alt=\"\" width=\"522\" height=\"348\" srcset=\"https:\/\/www.flipperclubbasel.ch\/wordpress\/wp-content\/uploads\/2020\/10\/DAS-TEAM-1024x683.jpg 1024w, https:\/\/www.flipperclubbasel.ch\/wordpress\/wp-content\/uploads\/2020\/10\/DAS-TEAM-300x200.jpg 300w, https:\/\/www.flipperclubbasel.ch\/wordpress\/wp-content\/uploads\/2020\/10\/DAS-TEAM-768x512.jpg 768w, https:\/\/www.flipperclubbasel.ch\/wordpress\/wp-content\/uploads\/2020\/10\/DAS-TEAM-1536x1025.jpg 1536w, https:\/\/www.flipperclubbasel.ch\/wordpress\/wp-content\/uploads\/2020\/10\/DAS-TEAM-2048x1367.jpg 2048w, https:\/\/www.flipperclubbasel.ch\/wordpress\/wp-content\/uploads\/2020\/10\/DAS-TEAM-1320x881.jpg 1320w\" sizes=\"auto, (max-width: 522px) 100vw, 522px\" \/><\/p>\n<p>&nbsp;<\/p>\n<p>&nbsp;<\/p>\n<p>&nbsp;<\/p>\n<p><span style=\"font-size: 14px;\">QUELLE: Michael Werndorff\/Die Oberbadische<\/span><\/p>\n","protected":false},"excerpt":{"rendered":"<p>Wir sind eine Gruppe junger, Pinball begeisterter Leute, die das Hobby pflegen und der Nachwelt erhalten wollen. Um unserem Hobby gemeinsam zu fr\u00f6nen, haben wir den Verein Flipperclub Regio Basel im Sommer 2015 gegr\u00fcndet. Wir treffen uns regelm\u00e4ssig in unserem&hellip; <\/p>\n","protected":false},"author":2,"featured_media":0,"parent":0,"menu_order":0,"comment_status":"closed","ping_status":"closed","template":"","meta":{"ngg_post_thumbnail":0,"_price":"","_stock":"","_tribe_ticket_header":"","_tribe_default_ticket_provider":"","_tribe_ticket_capacity":"0","_ticket_start_date":"","_ticket_end_date":"","_tribe_ticket_show_description":"","_tribe_ticket_show_not_going":false,"_tribe_ticket_use_global_stock":"","_tribe_ticket_global_stock_level":"","_global_stock_mode":"","_global_stock_cap":"","_tribe_rsvp_for_event":"","_tribe_ticket_going_count":"","_tribe_ticket_not_going_count":"","_tribe_tickets_list":"[]","_tribe_ticket_has_attendee_info_fields":false,"jetpack_post_was_ever_published":false,"footnotes":""},"class_list":["post-204","page","type-page","status-publish","hentry"],"jetpack_sharing_enabled":true,"jetpack_shortlink":"https:\/\/wp.me\/P7a9OP-3i","_links":{"self":[{"href":"https:\/\/www.flipperclubbasel.ch\/index.php\/wp-json\/wp\/v2\/pages\/204","targetHints":{"allow":["GET"]}}],"collection":[{"href":"https:\/\/www.flipperclubbasel.ch\/index.php\/wp-json\/wp\/v2\/pages"}],"about":[{"href":"https:\/\/www.flipperclubbasel.ch\/index.php\/wp-json\/wp\/v2\/types\/page"}],"author":[{"embeddable":true,"href":"https:\/\/www.flipperclubbasel.ch\/index.php\/wp-json\/wp\/v2\/users\/2"}],"replies":[{"embeddable":true,"href":"https:\/\/www.flipperclubbasel.ch\/index.php\/wp-json\/wp\/v2\/comments?post=204"}],"version-history":[{"count":31,"href":"https:\/\/www.flipperclubbasel.ch\/index.php\/wp-json\/wp\/v2\/pages\/204\/revisions"}],"predecessor-version":[{"id":9765,"href":"https:\/\/www.flipperclubbasel.ch\/index.php\/wp-json\/wp\/v2\/pages\/204\/revisions\/9765"}],"wp:attachment":[{"href":"https:\/\/www.flipperclubbasel.ch\/index.php\/wp-json\/wp\/v2\/media?parent=204"}],"curies":[{"name":"wp","href":"https:\/\/api.w.org\/{rel}","templated":true}]}}