{"id":103,"date":"2016-01-31T01:00:45","date_gmt":"2016-01-31T00:00:45","guid":{"rendered":"http:\/\/www.flipperclubbasel.ch\/?page_id=103"},"modified":"2026-03-27T11:06:39","modified_gmt":"2026-03-27T10:06:39","slug":"hausordnung","status":"publish","type":"page","link":"https:\/\/www.flipperclubbasel.ch\/index.php\/flipperclub-regio-basel\/hausordnung\/","title":{"rendered":"Hausordnung"},"content":{"rendered":"<hr>\n<p style=\"font-weight: 400;\"><strong>Das Vereinslokal des Flipperclub Regio Basel steht w\u00e4hrend der ordentlichen \u00d6ffnungszeiten jedem Vereinsmitglied zur Verf\u00fcgung. Neue Flipperinteressierte sind jederzeit herzlich willkommen, m\u00fcssen aber dem Verein mit mindestens einer Tagesmitgliedschaft beitreten und ein Aufnahmeformular ausf\u00fcllen. Alle G\u00e4ste haben sich an die Hausordnung zu halten. Der Flipperclub Regio Basel ist eine Non-Profit Organisation.<\/strong><\/p>\n<ul>\n<li>Kindern\/Jugendlichen unter 18 Jahren ist der Zutritt nur in Begleitung eines Erwachsenen gestattet.<\/li>\n<li>Das Personal ist berechtigt, von Personen den Ausweis zur Altersidentifikation zu verlangen, wenn ein Neueintritt in den Verein erfolgt.<\/li>\n<li>Die Ger\u00e4te stehen zum Spielen zur freien Verf\u00fcgung, sie sind alle auf Freispiel gestellt.<\/li>\n<li>Die R\u00e4umlichkeiten, Einrichtungsgegenst\u00e4nde und Ger\u00e4te sind mit der geb\u00fchrenden Sorgfalt zu behandeln bzw. zu benutzen.<\/li>\n<li>Defekte oder verd\u00e4chtige, abnormale Zust\u00e4nde der Ger\u00e4te sind sofort dem Personal zu melden. In diesem Falle darf das Ger\u00e4t, im Notfall, eigenm\u00e4chtig ausgeschaltet werden.<\/li>\n<li>Sch\u00e4den, die durch Besucher fahrl\u00e4ssig oder mutwillig verursacht werden, werden dem Verursacher in Rechnung gestellt.<\/li>\n<li>Im ganzen Geb\u00e4ude wie auch im Clublokal herrscht striktes Rauchverbot!<\/li>\n<li>\u00dcberm\u00e4ssig alkoholisierten Personen wird der Zutritt zum Clublokal verwehrt.<\/li>\n<li>Das Mitbringen von Getr\u00e4nken und Esswaren ist nicht gestattet.<\/li>\n<li>Das Geb\u00e4ude wird \u00fcberwacht, Nebenr\u00e4ume und andere Stockwerke d\u00fcrfen nicht betreten werden.<\/li>\n<li>F\u00fcr die Garderobe und mitgebrachte Gegenst\u00e4nde wird jede Haftung abgelehnt.<\/li>\n<li>F\u00fcr Unf\u00e4lle jeglicher Art wird jede Haftung abgelehnt.<\/li>\n<\/ul>\n<p>&nbsp;<\/p>\n<p style=\"font-weight: 400;\"><strong>Wer sich im Flipperclub aufh\u00e4lt, erkl\u00e4rt sich mit den Bedingungen der Hausordnung einverstanden. Missachtung der Hausordnung hat einen sofortigen Verweis aus dem Clublokal zur Folge und kann zum Ausschluss aus dem Verein f\u00fchren.<\/strong><\/p>\n<hr>\n<div class=\"printfriendly pf-button  pf-alignleft\">\n                    <a href=\"https:\/\/www.flipperclubbasel.ch\/index.php\/flipperclub-regio-basel\/hausordnung\/?pfstyle=wp\" rel=\"nofollow\" onclick=\"\" title=\"Printer Friendly, PDF & Email\">\n                    <img decoding=\"async\" class=\"pf-button-img\" src=\"https:\/\/cdn.printfriendly.com\/buttons\/printfriendly-pdf-email-button-notext.png\" alt=\"Print Friendly, PDF & Email\" style=\"width: 110px;height: 30px;\"  \/>\n                    <\/a>\n                <\/div>\n<hr>\n<p>&nbsp;<\/p>\n","protected":false},"excerpt":{"rendered":"<p>Das Vereinslokal des Flipperclub Regio Basel steht w\u00e4hrend der ordentlichen \u00d6ffnungszeiten jedem Vereinsmitglied zur Verf\u00fcgung. Neue Flipperinteressierte sind jederzeit herzlich willkommen, m\u00fcssen aber dem Verein mit mindestens einer Tagesmitgliedschaft beitreten und ein Aufnahmeformular ausf\u00fcllen. Alle G\u00e4ste haben sich an die&hellip; <\/p>\n","protected":false},"author":2,"featured_media":0,"parent":204,"menu_order":0,"comment_status":"closed","ping_status":"closed","template":"","meta":{"ngg_post_thumbnail":0,"_price":"","_stock":"","_tribe_ticket_header":"","_tribe_default_ticket_provider":"","_tribe_ticket_capacity":"0","_ticket_start_date":"","_ticket_end_date":"","_tribe_ticket_show_description":"","_tribe_ticket_show_not_going":false,"_tribe_ticket_use_global_stock":"","_tribe_ticket_global_stock_level":"","_global_stock_mode":"","_global_stock_cap":"","_tribe_rsvp_for_event":"","_tribe_ticket_going_count":"","_tribe_ticket_not_going_count":"","_tribe_tickets_list":"[]","_tribe_ticket_has_attendee_info_fields":false,"jetpack_post_was_ever_published":false,"footnotes":""},"class_list":["post-103","page","type-page","status-publish","hentry"],"jetpack_sharing_enabled":true,"jetpack_shortlink":"https:\/\/wp.me\/P7a9OP-1F","_links":{"self":[{"href":"https:\/\/www.flipperclubbasel.ch\/index.php\/wp-json\/wp\/v2\/pages\/103","targetHints":{"allow":["GET"]}}],"collection":[{"href":"https:\/\/www.flipperclubbasel.ch\/index.php\/wp-json\/wp\/v2\/pages"}],"about":[{"href":"https:\/\/www.flipperclubbasel.ch\/index.php\/wp-json\/wp\/v2\/types\/page"}],"author":[{"embeddable":true,"href":"https:\/\/www.flipperclubbasel.ch\/index.php\/wp-json\/wp\/v2\/users\/2"}],"replies":[{"embeddable":true,"href":"https:\/\/www.flipperclubbasel.ch\/index.php\/wp-json\/wp\/v2\/comments?post=103"}],"version-history":[{"count":15,"href":"https:\/\/www.flipperclubbasel.ch\/index.php\/wp-json\/wp\/v2\/pages\/103\/revisions"}],"predecessor-version":[{"id":9759,"href":"https:\/\/www.flipperclubbasel.ch\/index.php\/wp-json\/wp\/v2\/pages\/103\/revisions\/9759"}],"up":[{"embeddable":true,"href":"https:\/\/www.flipperclubbasel.ch\/index.php\/wp-json\/wp\/v2\/pages\/204"}],"wp:attachment":[{"href":"https:\/\/www.flipperclubbasel.ch\/index.php\/wp-json\/wp\/v2\/media?parent=103"}],"curies":[{"name":"wp","href":"https:\/\/api.w.org\/{rel}","templated":true}]}}